{"id":12,"date":"2023-09-22T15:28:57","date_gmt":"2023-09-22T13:28:57","guid":{"rendered":"https:\/\/sobreincendios.com\/blog\/?page_id=12"},"modified":"2023-09-22T15:29:09","modified_gmt":"2023-09-22T13:29:09","slug":"politica-de-privacidad","status":"publish","type":"page","link":"https:\/\/sobreincendios.com\/blog\/politica-de-privacidad\/","title":{"rendered":"Pol\u00edtica de privacidad"},"content":{"rendered":"<p>En https:\/\/sobreincendios.com, valoramos la privacidad de nuestros visitantes.<\/p>\n<p>En https:\/\/sobreincendios.com, entendemos la importancia de proteger la privacidad de tus datos personales. A continuaci\u00f3n, encontrar\u00e1s informaci\u00f3n sobre los tipos de datos personales que recopilamos y utilizamos cuando visitas https:\/\/sobreincendios.com, as\u00ed como los pasos que tomamos para proteger tus datos. Ten en cuenta que nunca vendemos tus datos personales a terceros.<\/p>\n<p>Archivos de Registro<br \/>\nComo muchos otros sitios web, recopilamos y utilizamos datos que se encuentran en archivos de registro. Estos archivos pueden incluir tu direcci\u00f3n IP, el proveedor de servicios de Internet que utilizas (como AOL o Shaw Cable), el navegador que usas al visitar nuestro sitio web (como Internet Explorer o Firefox), la hora de tu visita y las p\u00e1ginas que visitas en nuestro sitio.<\/p>\n<p>Cookies y Web Beacons<br \/>\nUsamos cookies para almacenar informaci\u00f3n como tus preferencias personales al visitar nuestro sitio web. Esto puede incluir configuraciones como mostrar una ventana emergente solo una vez durante tu visita o concederte acceso a funciones espec\u00edficas, como foros.<\/p>\n<p>Adem\u00e1s, utilizamos servicios publicitarios de terceros para mantener nuestro sitio web. Algunos de estos anunciantes pueden usar cookies y web beacons para mostrar anuncios cuando visitas nuestro sitio web. Estos anunciantes (como Google a trav\u00e9s del programa Google AdSense) pueden recopilar datos como tu direcci\u00f3n IP, tu proveedor de servicios de Internet, el navegador utilizado para acceder a nuestro sitio web y, en algunos casos, el uso de Flash. Esto se hace principalmente con fines de segmentaci\u00f3n geogr\u00e1fica (como mostrar anuncios de propiedades a alguien en Nueva York) o anuncios basados en sitios web que has visitado anteriormente (como mostrar anuncios relacionados con la cocina a visitantes de sitios web de cocina).<\/p>\n<p>Cookies DoubleClick DART<br \/>\nPodemos usar cookies DoubleClick DART para mostrar anuncios a trav\u00e9s de Google DoubleClick. Estas cookies se colocan en tu computadora cuando visitas sitios web en Internet y visitas sitios web que utilizan publicidad de DoubleClick (incluidos algunos anuncios de Google AdSense). Estas cookies se utilizan para mostrar anuncios adaptados a tus intereses (basados en \u201ccategor\u00edas de inter\u00e9s\u201d) y seleccionados seg\u00fan tu historial de navegaci\u00f3n (por ejemplo, si has visitado sitios web relacionados con Las Vegas, puedes ver anuncios de hoteles en Las Vegas al visitar sitios web no relacionados, como sitios de campos de hockey). DART utiliza informaci\u00f3n no personalmente identificable y no rastrea ni divulga informaci\u00f3n personal sobre ti, como tu nombre, direcci\u00f3n de correo electr\u00f3nico, direcci\u00f3n f\u00edsica, n\u00famero de seguridad social, n\u00famero de cuenta bancaria o n\u00famero de tarjeta de cr\u00e9dito.<\/p>\n<p>Puedes elegir desactivar nuestras cookies o las cookies de terceros a trav\u00e9s de la configuraci\u00f3n de tu navegador o administrando configuraciones en programas como Norton Internet Security. Sin embargo, esta acci\u00f3n puede afectar tu capacidad para interactuar con nuestro sitio web y otros sitios web, incluida la capacidad para acceder a servicios o programas espec\u00edficos, como iniciar sesi\u00f3n en foros o cuentas.<\/p>\n<p>Eliminar cookies no significa que est\u00e9s excluido permanentemente de ning\u00fan programa publicitario. Adem\u00e1s, a menos que tengas configuraciones que no permitan el uso de cookies al visitar sitios web publicitarios, se seguir\u00e1n colocando nuevas cookies en tu computadora.<\/p>\n","protected":false},"excerpt":{"rendered":"<p>En https:\/\/sobreincendios.com, valoramos la privacidad de nuestros visitantes. En https:\/\/sobreincendios.com, entendemos la importancia de proteger la privacidad de tus datos personales. A continuaci\u00f3n, encontrar\u00e1s informaci\u00f3n sobre los tipos de datos personales que recopilamos y utilizamos cuando visitas https:\/\/sobreincendios.com, as\u00ed como los pasos que tomamos para proteger tus datos. Ten en cuenta que nunca vendemos tus [&hellip;]<\/p>\n","protected":false},"author":1,"featured_media":0,"parent":0,"menu_order":0,"comment_status":"closed","ping_status":"closed","template":"","meta":{"footnotes":""},"yoast_head":"<!-- This site is optimized with the Yoast SEO plugin v21.2 - https:\/\/yoast.com\/wordpress\/plugins\/seo\/ -->\n<title>Pol\u00edtica de privacidad<\/title>\n<meta name=\"robots\" content=\"index, follow, max-snippet:-1, max-image-preview:large, max-video-preview:-1\" \/>\n<link rel=\"canonical\" href=\"https:\/\/sobreincendios.com\/blog\/politica-de-privacidad\/\" \/>\n<meta property=\"og:locale\" content=\"es_ES\" \/>\n<meta property=\"og:type\" content=\"article\" \/>\n<meta property=\"og:title\" content=\"Pol\u00edtica de privacidad\" \/>\n<meta property=\"og:description\" content=\"En https:\/\/sobreincendios.com, valoramos la privacidad de nuestros visitantes. En https:\/\/sobreincendios.com, entendemos la importancia de proteger la privacidad de tus datos personales. A continuaci\u00f3n, encontrar\u00e1s informaci\u00f3n sobre los tipos de datos personales que recopilamos y utilizamos cuando visitas https:\/\/sobreincendios.com, as\u00ed como los pasos que tomamos para proteger tus datos. Ten en cuenta que nunca vendemos tus [&hellip;]\" \/>\n<meta property=\"og:url\" content=\"https:\/\/sobreincendios.com\/blog\/politica-de-privacidad\/\" \/>\n<meta property=\"og:site_name\" content=\"Sobre incendios Blog\" \/>\n<meta property=\"article:modified_time\" content=\"2023-09-22T13:29:09+00:00\" \/>\n<meta name=\"twitter:card\" content=\"summary_large_image\" \/>\n<meta name=\"twitter:label1\" content=\"Tiempo de lectura\" \/>\n\t<meta name=\"twitter:data1\" content=\"3 minutos\" \/>\n<script type=\"application\/ld+json\" class=\"yoast-schema-graph\">{\"@context\":\"https:\/\/schema.org\",\"@graph\":[{\"@type\":\"WebPage\",\"@id\":\"https:\/\/sobreincendios.com\/blog\/politica-de-privacidad\/\",\"url\":\"https:\/\/sobreincendios.com\/blog\/politica-de-privacidad\/\",\"name\":\"Pol\u00edtica de privacidad\",\"isPartOf\":{\"@id\":\"https:\/\/sobreincendios.com\/blog\/#website\"},\"datePublished\":\"2023-09-22T13:28:57+00:00\",\"dateModified\":\"2023-09-22T13:29:09+00:00\",\"breadcrumb\":{\"@id\":\"https:\/\/sobreincendios.com\/blog\/politica-de-privacidad\/#breadcrumb\"},\"inLanguage\":\"es\",\"potentialAction\":[{\"@type\":\"ReadAction\",\"target\":[\"https:\/\/sobreincendios.com\/blog\/politica-de-privacidad\/\"]}]},{\"@type\":\"BreadcrumbList\",\"@id\":\"https:\/\/sobreincendios.com\/blog\/politica-de-privacidad\/#breadcrumb\",\"itemListElement\":[{\"@type\":\"ListItem\",\"position\":1,\"name\":\"Home\",\"item\":\"https:\/\/sobreincendios.com\/blog\/\"},{\"@type\":\"ListItem\",\"position\":2,\"name\":\"Pol\u00edtica de privacidad\"}]},{\"@type\":\"WebSite\",\"@id\":\"https:\/\/sobreincendios.com\/blog\/#website\",\"url\":\"https:\/\/sobreincendios.com\/blog\/\",\"name\":\"Sobre incendios Blog\",\"description\":\"\",\"publisher\":{\"@id\":\"https:\/\/sobreincendios.com\/blog\/#organization\"},\"potentialAction\":[{\"@type\":\"SearchAction\",\"target\":{\"@type\":\"EntryPoint\",\"urlTemplate\":\"https:\/\/sobreincendios.com\/blog\/?s={search_term_string}\"},\"query-input\":\"required name=search_term_string\"}],\"inLanguage\":\"es\"},{\"@type\":\"Organization\",\"@id\":\"https:\/\/sobreincendios.com\/blog\/#organization\",\"name\":\"Sobre incendios Blog\",\"url\":\"https:\/\/sobreincendios.com\/blog\/\",\"logo\":{\"@type\":\"ImageObject\",\"inLanguage\":\"es\",\"@id\":\"https:\/\/sobreincendios.com\/blog\/#\/schema\/logo\/image\/\",\"url\":\"https:\/\/sobreincendios.com\/blog\/wp-content\/uploads\/2023\/09\/1633123360.jpg\",\"contentUrl\":\"https:\/\/sobreincendios.com\/blog\/wp-content\/uploads\/2023\/09\/1633123360.jpg\",\"width\":225,\"height\":225,\"caption\":\"Sobre incendios Blog\"},\"image\":{\"@id\":\"https:\/\/sobreincendios.com\/blog\/#\/schema\/logo\/image\/\"}}]}<\/script>\n<!-- \/ Yoast SEO plugin. -->","yoast_head_json":{"title":"Pol\u00edtica de privacidad","robots":{"index":"index","follow":"follow","max-snippet":"max-snippet:-1","max-image-preview":"max-image-preview:large","max-video-preview":"max-video-preview:-1"},"canonical":"https:\/\/sobreincendios.com\/blog\/politica-de-privacidad\/","og_locale":"es_ES","og_type":"article","og_title":"Pol\u00edtica de privacidad","og_description":"En https:\/\/sobreincendios.com, valoramos la privacidad de nuestros visitantes. En https:\/\/sobreincendios.com, entendemos la importancia de proteger la privacidad de tus datos personales. A continuaci\u00f3n, encontrar\u00e1s informaci\u00f3n sobre los tipos de datos personales que recopilamos y utilizamos cuando visitas https:\/\/sobreincendios.com, as\u00ed como los pasos que tomamos para proteger tus datos. Ten en cuenta que nunca vendemos tus [&hellip;]","og_url":"https:\/\/sobreincendios.com\/blog\/politica-de-privacidad\/","og_site_name":"Sobre incendios Blog","article_modified_time":"2023-09-22T13:29:09+00:00","twitter_card":"summary_large_image","twitter_misc":{"Tiempo de lectura":"3 minutos"},"schema":{"@context":"https:\/\/schema.org","@graph":[{"@type":"WebPage","@id":"https:\/\/sobreincendios.com\/blog\/politica-de-privacidad\/","url":"https:\/\/sobreincendios.com\/blog\/politica-de-privacidad\/","name":"Pol\u00edtica de privacidad","isPartOf":{"@id":"https:\/\/sobreincendios.com\/blog\/#website"},"datePublished":"2023-09-22T13:28:57+00:00","dateModified":"2023-09-22T13:29:09+00:00","breadcrumb":{"@id":"https:\/\/sobreincendios.com\/blog\/politica-de-privacidad\/#breadcrumb"},"inLanguage":"es","potentialAction":[{"@type":"ReadAction","target":["https:\/\/sobreincendios.com\/blog\/politica-de-privacidad\/"]}]},{"@type":"BreadcrumbList","@id":"https:\/\/sobreincendios.com\/blog\/politica-de-privacidad\/#breadcrumb","itemListElement":[{"@type":"ListItem","position":1,"name":"Home","item":"https:\/\/sobreincendios.com\/blog\/"},{"@type":"ListItem","position":2,"name":"Pol\u00edtica de privacidad"}]},{"@type":"WebSite","@id":"https:\/\/sobreincendios.com\/blog\/#website","url":"https:\/\/sobreincendios.com\/blog\/","name":"Sobre incendios Blog","description":"","publisher":{"@id":"https:\/\/sobreincendios.com\/blog\/#organization"},"potentialAction":[{"@type":"SearchAction","target":{"@type":"EntryPoint","urlTemplate":"https:\/\/sobreincendios.com\/blog\/?s={search_term_string}"},"query-input":"required name=search_term_string"}],"inLanguage":"es"},{"@type":"Organization","@id":"https:\/\/sobreincendios.com\/blog\/#organization","name":"Sobre incendios Blog","url":"https:\/\/sobreincendios.com\/blog\/","logo":{"@type":"ImageObject","inLanguage":"es","@id":"https:\/\/sobreincendios.com\/blog\/#\/schema\/logo\/image\/","url":"https:\/\/sobreincendios.com\/blog\/wp-content\/uploads\/2023\/09\/1633123360.jpg","contentUrl":"https:\/\/sobreincendios.com\/blog\/wp-content\/uploads\/2023\/09\/1633123360.jpg","width":225,"height":225,"caption":"Sobre incendios Blog"},"image":{"@id":"https:\/\/sobreincendios.com\/blog\/#\/schema\/logo\/image\/"}}]}},"_links":{"self":[{"href":"https:\/\/sobreincendios.com\/blog\/wp-json\/wp\/v2\/pages\/12"}],"collection":[{"href":"https:\/\/sobreincendios.com\/blog\/wp-json\/wp\/v2\/pages"}],"about":[{"href":"https:\/\/sobreincendios.com\/blog\/wp-json\/wp\/v2\/types\/page"}],"author":[{"embeddable":true,"href":"https:\/\/sobreincendios.com\/blog\/wp-json\/wp\/v2\/users\/1"}],"replies":[{"embeddable":true,"href":"https:\/\/sobreincendios.com\/blog\/wp-json\/wp\/v2\/comments?post=12"}],"version-history":[{"count":2,"href":"https:\/\/sobreincendios.com\/blog\/wp-json\/wp\/v2\/pages\/12\/revisions"}],"predecessor-version":[{"id":14,"href":"https:\/\/sobreincendios.com\/blog\/wp-json\/wp\/v2\/pages\/12\/revisions\/14"}],"wp:attachment":[{"href":"https:\/\/sobreincendios.com\/blog\/wp-json\/wp\/v2\/media?parent=12"}],"curies":[{"name":"wp","href":"https:\/\/api.w.org\/{rel}","templated":true}]}}